 - 1).
5
Evaluate 14 - (10 - (6 + -6)).
4
-3 - -2 - (-29 - -30)
-2
What is the value of (3 - -2) + -11 + 5 - 2?
-3
What is the value of (0 - -3) + -6 + (6 - 0)?
3
Evaluate (-2 - -12) + -13 + 0.
-3
Evaluate 4 - (-6 + 12 + (-3 - -2)).
-1
Calculate (45 - 45) + 1 + -2 + -1.
-2
Evaluate 1 + (-2 - (5 + -2)).
-4
What is the value of 3 + 0 + (-1 - 2)?
0
What is (0 - -1) + (12 - 15)?
-2
-4 + 0 - (-7 - -3)
0
Evaluate -5 - (-2 + -8 + 2).
3
What is 2 - (1 - 2) - 3 - 0?
0
(57 - 46) + 0 + -8
3
(-4 - 3) + 6 + 6
5
What is (-2 - 1) + 3 + (-5 - -3)?
-2
What is -8 - (-6 - (1 - 4))?
-5
Calculate 6 - (-3 + 5 - -3).
1
1 - (-3 + (-2 - -2))
4
What is the value of (5 - 15) + 10 + -3?
-3
Calculate -21 + 12 + (5 - 0).
-4
What is the value of -3 + (9 - 10 - -6)?
2
What is -8 + (14 - 16) + (5 - 1)?
-6
(0 - (-13 - -3)) + -2 - 4
4
What is the value of 3 - (-2 - (0 + -6))?
-1
Calculate 2 + 6 + -2 + (-1 - 0).
5
Evaluate -2 - (-7 + 17 + -12).
0
Evaluate -5 + -1 + (-2 - -16) - 14.
-6
Calculate -5 + (5 - -1 - -1).
2
Calculate (-11 - 0 - -1) + (7 - 3).
-6
What is (10 - (-3 + 2 - -6)) + 2?
7
Calculate -5 + (1 - -3) + -4.
-5
-16 + 1 + -2 + 9
-8
What is 0 + -1 + (5 - (-2 + 3))?
3
Calculate 0 - ((0 - -2) + 0 - -3).
-5
What is the value of (-6 - -5) + 9 + -6?
2
-12 + 5 + 13 + (1 - 4)
3
Evaluate 1 - -5 - (7 - (3 + 3)).
5
What is the value of (16 - 12) + -1 + -1?
2
Calculate -1 + (-2 - 3) + 7.
1
Evaluate -5 + 6 + 5 + -8.
-2
Calculate (-6 - 2) + (0 - -3).
-5
What is -6 + -15 + 8 + 9?
-4
What is the value of -4 - (0 - (8 + -5 - 0))?
-1
What is the value of -2 + -6 + 11 + -2 + -7?
-6
Calculate -2 - (-2 + (-3 + -1 - -4)).
0
Evaluate (3 - 7 - 4) + 7.
-1
Calculate 7 + (0 - -1 - 3) + -1.
4
What is 2 + 3 + -1 + -2 + 0?
2
Calculate (10 - 13) + 2 + 8.
7
What is (-3 + 1 - (-2 - -1)) + 3?
2
Evaluate 15 + -2 - 18 - (-4 + 5).
-6
Evaluate 11 + -14 - (-5 + 2 + -4).
4
-15 + 12 + 7 + 1
5
Evaluate (-3 - -2) + -5 + (0 - -5).
-1
Calculate 5 + 6 + (1 - 7) - 1.
4
Calculate 1 + -3 - 2 - -3.
-1
What is -1 - -3 - (-4 - -8)?
-2
What is the value of 1 + 2 - ((-9 - -7) + 5)?
0
Calculate 0 + 3 + -26 + 18 + 0.
-5
What is 0 - (-3 + 1 + -1 + 3)?
0
Evaluate 4 - (-7 - (-10 - 7)) - -4.
-2
Evaluate -9 + 5 - (-2 - -2).
-4
What is the value of 78 + -75 + 1 + 1?
5
Evaluate 8 - (8 + -12 - -14).
-2
What is -10 + (-2 + -1 - -8)?
-5
Calculate -1 + 15 + -52 + 48.
10
Calculate 8 + -9 + (3 - (-13 - -9)).
6
What is the value of -2 + 4 + (-19 - -12)?
-5
What is 9 + -3 + (22 - 20)?
8
What is -67 - -63 - (0 + -6)?
2
Calculate 0 + -1 + 0 + 0 + 1.
0
What is 6 + -3 - (-4 + 4)?
3
Evaluate (1 - (2 - 4 - -1)) + -4.
-2
What is the value of (3 - 6) + -5 + 6?
-2
Calculate 3 - (10 + -4 - 7).
4
Evaluate -5 + (6 + -10 - -5).
-4
(18 - 7) + -6 + 0 + -3
2
What is the value of (-2 - (-11 - -7)) + -3?
-1
What is -1 - (-3 - (-5 + (4 - 2)))?
-1
What is (4 - 2) + -3 - (10 + -10)?
-1
0 + (-12 - -22) - 1
9
Evaluate 3 - ((12 - 4) + -6).
1
What is 2 - (2 + -1 - 0) - -6?
7
What is the value of (8 - 13) + 5 - -7?
7
-4 - (1 + -2 + -2)
-1
What is the value of 2 + (3 - (-6 - -8)) - 1?
2
8 - (6 - -1 - 8) - 13
-4
-1 - ((2 - (-1 - -1)) + -6)
3
What is -1 + -1 - (4 - (5 - 3))?
-4
Calculate (-9 - (-4 + -3)) + 4.
2
What is (5 - 3) + 2 + -2 + 1?
3
What is -33 + 30 + (1 - 2)?
-4
What is 10 + 1 + 8 + -13?
6
-2 - (5 - 4 - 5)
2
Calculate (6 - (3 - 1)) + (65 - 64).
5
(2 - (-6 + 3)) + -7
-2
What is the value of (0 - -2) + 0 - (2 - 3)?
3
What is 15 - 8 - (5 - -4)?
-2
What is the value of 2 + (1 - 1) - (1 + 4)?
-3
What is the value of (4 - (-4 - -1)) + (2 - 6)?
3
Calculate -8 + (0 - 0 - 1) + 4.
-5
What is (-2 - -1) + 3 + -4?
-2
Calculate -8 + 17 + 2 + -5.
6
What is the value of 3 + -4 + 6 + -2 + -3?
0
What is the value of 2 + -3 - (-1 - 5)?
5
Evaluate 2 + -3 + 7 + 0 + -4.
2
0 + (-2 - (8 + -14))
4
Calculate (-2 - (-4 - -1)) + (-5 - 0).
-4
Calculate 0 + -2 + (-2 - (1 + -4)).
-1
Evaluate -6 + 3 - (56 - 67).
8
7 + -5 + 3 - 2
3
What is the value of -4 + (8 - (3 - 3))?
4
What is the value of 5 - (5 - 0 - 1)?
1
What is the value of -4 - ((-7 - -12) + -7)?
-2
What is (-5 - 1) + 1 + (0 - 1)?
-6
Evaluate 3 + -3 + 2 + -4 + -1.
-3
What is -6 + 4 + -4 - (7 - 23)?
10
Calculate -2 + -2 + 0 - (2 + -3).
-3
What is the value of 1 + (-4 - -3) - 2?
-2
-5 - -5 - (-1 - -1 - -4)
-4
(-3 - 4 - (-11 + 5)) + 1
0
What is the value of -6 + 3 + 1 + -3 + -1?
-6
What is the value of (4 - 0) + -1 + -4 + 2?
1
What is 3 + (-3 - -5) - (18 + -15)?
2
-6 - (-9 + (-8 - -17))
-6
Calculate -6 - -5 - (7 + (-14 - 2)).
8
What is -7 + 1 - (6 - -6 - 17)?
-1
Calculate -4 - -1 - (-9 - -1).
5
Calculate -13 + 7 + 6 + -1.
-1
-7 - -11 - (0 - -8)
-4
Calculate -2 + (3 - 2) + 4.
3
Calculate -2 - 2 - (-9 + 0).
5
What is 7 + -6 + 4 + (1 - 1)?
5
Calculate 7 + (-5 - 6) + 8.
4
Evaluate (-4 - (0 + -4)) + -2 + 0.
-2
-1 + 3 - (5 + (-5 - -3))
-1
Calculate 7 + (0 - 4) + -12.
-9
5 + (0 - 7) + -3 + 5
0
Evaluate 8 + -18 - (0 + -13).
3
What is -3 + (0 - -6) + -1?
2
Calculate 7 - (-5 + (6 - 3) + 5).
4
Calculate -5 + (4 - (4 + -6)).
1
What is -1 - -4 - (-4 + 3 + 1)?
3
Calculate 1 + -4 + -1 + 3.
-1
What is (7 - (-2 - -3)) + -2?
4
Calculate 4 + -11 + -5 - -10.
-2
-15 + (0 - -12) - (0 + 1)
-4
What is the value of -53 - -62 - (-2 - -2)?
9
Calculate 1 + (-1 - -3) + 0 + -1.
2
Evaluate 3 + (-2 - -5) + -8.
-2
What is the value of 1 + (10 - 2 - (-2 + 3))?
8
Calculate 5 + -4 + 3 + 1.
5
What is the value of 16 + -13 + (1 - -2)?
6
Calculate (-27 - -19) + 22 + 0 + -4.
10
Evaluate (8 - (-3 - -5)) + -1.
5
(45 - 39) + (2 - 2) - 13
-7
What is the value of -5 - -4 - -1 - -5?
5
What is the value of 7 - (-3 + 7) - 2?
1
Evaluate 11 + -7 - (4 + (2 - 6)).
4
2 + -3 + 0 + 0 - 1
-2
12 + 0 + 2 + -3 + -4
7
What is -1 + (8 - 6 - 0 - 2)?
-1
Evaluate -13 + 15 - (-1 - -8).
-5
What is the value of (-1 - 3 - 0 - -6) + 4?
6
(5 - 2 - 1) + 1 - 3
0
What is the value of (-5 + 3 - 2) + 37 + -30?
3
Calculate (2 + -5 - -2) + (-1 - -1).
-1
What is the value of -5 + -3 + 36 + -21?
7
0 - (-8 + 3 + (10 - 6))
1
What is the value of (3 - (-4 + 4)) + (-4 - -2)?
1
Evaluate 5 + (1 - 2) + (-3 - 0).
1
What is the value of 6 + 3 + -5 + -5 + 3?
2
What is (-19 - -14) + 8 + -2?
1
Evaluate (1 - -1) + -15 + 9.
-4
What is 2 + 0 + 26 + -31?
-3
What is 8 + (3 - 8 - 3)?
0
What is the value of 0 - (-1 + 4 - 0)?
-3
What is -3 - (1 + -1 - (8 + -5))?
0
Evaluate 7 - (-2 + 2 + 2).
5
3 + -2 + 0 - (-6 - -8)
-1
0 - -8 - (-15 + 27)
-4
Calculate 3 + (-4 - (15 + -13)).
-3
What is the value of 10 - 7 - (0 - 0)?
3
What is 2 + (2 - (-3 - (3 - 5)))?
5
Calculate 18 + (-8 - -2) + -6.
6
What is (6 - 10) + 14 + 0?
10
-3 - (-9 - -1 - -3)
2
-3 + (7 - 6) + 2
0
(-3 - -6 - -2) + 2 + -12
-5
-10 - ((12 - 6) + -9)
-7
What is the value of 3 - 0 - (6 - 5)?
2
Evaluate 103 + -96 - (1 - (1 - 0)).
7
-11 + 6 + (2 + 0 - -2)
-1
What is -7 + 21 - 10 - -1?
5
Evaluate (-2 - -2) + 0 - (-78 + 81).
-3
Evaluate (1 - 2 - -1) + (8 - 7).
1
Evaluate 6 + -2 + 1 - (-57 + 61).
1
What is the value of (4 + 0 - -1) + (11 - 18)?
-2
Calculate 11 + 3 + 5 + -13.
6
What is 6 + -3 + (2 - (4 + -4))?
5
What is the value of 7 - 3 - (3 + -5)?
6
1 - 2 - (-93 - -92)
0
Calculate 7 + (-2 - (2 + 0)).
3
Calculate 6 + (-12 - (2 - 7)).
-1
8 - -3 - (21 + -11)
1
(-3 - (5 + -10 + 10)) + 3
-5
What is the value of 10 - (15 + (-4 - 3))?
2
Evaluate (-7 - (-6 - 2)) + 5.
6
What is (0 + -4 - -1) + 6?
3
-3 + (0 + 3 - (0 - 6))
6
What is 2 + 5 + 0 + -2 + -2?
3
Evaluate 4 + -21 + 9 + -3.
-11
Calculate (-8 - -11 - 17) + 10.
-4
What is 5 - (-14 + 23 - 9)?
5
12 - 13 - (0 + 3) - 0
-4
Calculate (-2 - 0) + (12 - 10).
0
-1 - (-1 - 1 - -5)
-4
6 - (2 + 0 + 7)
-3
Calculate 2 + (4 - (-3 + 4)).
5
What is the value of -4 + 7 - 3 - (2 - 0)?
-2
2 + 0 + 0 + (14 - 17)
-1
What is 2 - (-3 + -2 + 0)?
7
What is (-2 - -1) + 3 + 2?
4
Calculate (0 - 1) + (4 + 4 - 3).
4
Evaluate -12 + (-3 - -4) + 5.
-6
Evaluate 3 - ((2 - -1) + 5 + 2).
-7
-3 - (-8 - 1 - -12)
-6
Calculate -2 + (4 - 5) + 3.
0
What is the value of -3 + 2 + (-6 - -12)?
5
17 + -26 + (5 - 1)
-5
What is 3 - (-5 + -3 + 7) - 1?
3
7 + (1 - 6 - -1)
3
What is 2 + -8 + -1 + (22 - 18)?
-3
Evaluate (-1 + 2 - (54 - 49)) + 2.
-2
What is 5 - (5 + -5 + 5)?
0
-3 + (7 - 1) - (-6 - -2)
7
(-4 - -1) + 1 + (-1 - -2)
-1
Calculate -2 + 0 + 1 - (-25 - -27).
-3
Calculate -6 - (-3 + -5 + 5).
-3
Evaluate -12 + 1 + 4 + 1 - -3.
-3
Calculate -5 + 6 + 6 + (-4 - 2).
1
(-4 + 1 - -1) + -